{"id":429,"date":"2023-08-01T16:15:11","date_gmt":"2023-08-01T14:15:11","guid":{"rendered":"https:\/\/www.dr-koch.de\/wissen\/?page_id=429"},"modified":"2023-11-14T09:53:09","modified_gmt":"2023-11-14T08:53:09","slug":"stressindikator-verspannte-waden-und-unterarme","status":"publish","type":"page","link":"https:\/\/www.dr-koch.de\/wissen\/stressindikator-verspannte-waden-und-unterarme\/","title":{"rendered":"Stressindikator: Verspannte Waden und Unterarme"},"content":{"rendered":"\r\n<p><img decoding=\"async\" title=\"faszien-erklaert-emo1\" src=\"https:\/\/www.dr-koch.de\/wissen\/wp-content\/uploads\/2023\/07\/faszien-erklaert-emo1.jpg\" alt=\"faszien-erklaert-emo1\" width=\"1920\" height=\"830\" \/><\/p>\r\n<h1>Verspannte Waden und Unterarme<\/h1>\r\n<p>Ein Anzeichen f\u00fcr Stress<\/p>\r\n<h2>Verspannte Waden und Unterarme als Indikator f\u00fcr Stress<\/h2>\r\n<p>Oftmals schenken wir unseren F\u00fc\u00dfen und Unterschenkeln viel zu wenig Aufmerksamkeit und Pflege. Und das obwohl unsere F\u00fc\u00dfe uns den ganzen Tag \u00fcber von einem Ort zum anderen bringen und unser K\u00f6rpergewicht st\u00e4ndig aushalten m\u00fcssen. Durch unser meist stabiles Schuhwerk werden zudem unsere Fu\u00dfsohlen von jeglichen Reizen abgeschottet. So f\u00e4llt es vielen Menschen heutzutage schwer \u00fcberhaupt noch Barfu\u00df zu gehen, da die Reize als zu schmerzhaft empfunden werden. Barfu\u00dflaufen ist die nat\u00fcrlichste Fortbewegung. Das Barfu\u00dflaufen verbessert unsere Haltung, st\u00e4rkt die Fu\u00dfmuskulatur und macht unsere F\u00fc\u00dfe unempfindlicher. Zudem wird unsere Immunabwehr, durch einen kurzen Barfu\u00dfgang durch das k\u00fchle, nasse Gras am Morgen oder durch den frischen, eiskalten Schnee gest\u00e4rkt. Nicht zuletzt hat das Barfu\u00dflaufen auch eine stressreduzierende Wirkung.<\/p>\r\n<p>Auch mit der kleinen Faszienrolle relexa MINI kann die Fu\u00dfsohle optimal bearbeitet und angeregt werden.<\/p>\r\n<p>Auch unsere Wade leidet in stressigen Zeiten. Viele Menschen kennen das Gef\u00fchl der verspannten und angespannten Wadenmuskulatur, sowie Wadenkr\u00e4mpfe in der Nacht.<\/p>\r\n<p>Der Grund dieser Verspannungen im Wadenbereich kann in den meisten F\u00e4llen auf Stress zur\u00fcckgef\u00fchrt werden. Ist unser K\u00f6rper in einer Stresssituation, verlagert er unbewusst unser Gewicht auf unseren Vorfu\u00df (Im Steinzeitalter, Situation: \u201eBereit zur Flucht&#8220;). Die Wadenmuskulatur wird in diesem Zustand angespannt und verh\u00e4rtet sich. H\u00e4lt diese Anspannung \u00fcber l\u00e4ngere Zeit an, kommt es zu einer \u00dcberlastung in der Wadenmuskulatur, was sich dann in Form eines Krampfes \u00e4u\u00dfern kann. Lange Zeit war man der Meinung, dass Magnesiummangel f\u00fcr Wadenkr\u00e4mpfe verantwortlich ist. Neuere Studien haben jedoch bewiesen, dass auch eine konstante \u00dcberfeuerung unseres Nervenkost\u00fcms zu Kr\u00e4mpfen f\u00fchren kann.<\/p>\r\n<h2>\u00c4hnliches Ph\u00e4nomen im Unterarm<\/h2>\r\n<p>Ein \u00e4hnliches Ph\u00e4nomen, wie oben beschrieben wurde, kann auch im Unterarm diagnostiziert werden. In Stresssituationen spannt sich gerne auch die Muskulatur im Unterarm an. Dies f\u00fchrt, wie in der Wade, zu unangenehmen Verspannungen oder sogar zu einem\u00a0Tennis- oder Golferarm, auch wenn keine dieser beiden Sportarten betrieben werden. Um diese Verspannungen zu l\u00f6sen oder ihnen entgegenzuwirken hilft es, sich regelm\u00e4\u00dfig die Unterarme mit der relexa MINI zu rollen. Auch eine Massage des Nackens mit dem Faszienball sorgt f\u00fcr Lockerung und Entspannung im Gewebe.<\/p>\r\n<p><img decoding=\"async\" src=\"https:\/\/i.ytimg.com\/vi\/pWgGuHia_N8\/maxresdefault.jpg\" alt=\"youtube-video-thumbnail\" \/><\/p>\r\n<h2>\u00dcbungen f\u00fcr die Waden und den Unterarm<\/h2>\r\n<p><img decoding=\"async\" src=\"https:\/\/www.dr-koch.de\/wissen\/wp-content\/uploads\/2023\/07\/Waden-1024x683.jpg\" sizes=\"(max-width: 1024px) 100vw, 1024px\" srcset=\"https:\/\/www.dr-koch.de\/wissen\/wp-content\/uploads\/2023\/07\/Waden-1024x683.jpg 1024w, https:\/\/www.dr-koch.de\/wissen\/wp-content\/uploads\/2023\/07\/Waden-300x200.jpg 300w, https:\/\/www.dr-koch.de\/wissen\/wp-content\/uploads\/2023\/07\/Waden-768x512.jpg 768w, https:\/\/www.dr-koch.de\/wissen\/wp-content\/uploads\/2023\/07\/Waden-1536x1025.jpg 1536w, https:\/\/www.dr-koch.de\/wissen\/wp-content\/uploads\/2023\/07\/Waden.jpg 1920w\" alt=\"\" width=\"1024\" height=\"683\" \/><\/p>\r\n<h3>Rollout f\u00fcr die Waden | relexa Faszienrolle<\/h3>\r\n<!--\r\n        \tBy <a href=\"https:\/\/www.dr-koch.de\/wissen\/index.php\/author\/wpadmin\/\">wpadmin<\/a>\r\n        \t | \r\n        \t12 Juli 2023\r\n        -->\r\n<ul>\r\n<li>Setze Dich zun\u00e4chst auf den Boden und positioniere die relexa quer unter die Wadenmitte eines Beines<\/li>\r\n<li>St\u00fctze Dich nun mit beiden H\u00e4nden nach hinten und mit dem freien Bein nach unten ab und hebe Dein Ges\u00e4\u00df an<\/li>\r\n<li>Rolle nun Deine Wade gleichm\u00e4\u00dfig vor und zur\u00fcck \u00fcber die relexa Faszienrolle<\/li>\r\n<li>Halte dabei Bauch, R\u00fccken und Po angespannt<\/li>\r\n<li>Rolle nicht zu weit vom K\u00f6rperschwerpunkt weg, um das Gleichgewicht nicht zu verlieren<\/li>\r\n<\/ul>\r\n<p>Um den ausge\u00fcbten Druck und damit die Massagewirkung dieser \u00dcbung zu steigern, kannst Du ein Bein \u00fcber das andere legen und das Waden-Rollout in dieser Haltung ausf\u00fchren. Dadurch werden Bauch- und R\u00fcckenmuskulatur noch weiter gest\u00e4rkt.<\/p>\r\n<!--\r\n        \t<a href='https:\/\/www.dr-koch.de\/wissen\/index.php\/uebungen\/die-waden-grunduebung\/' title='Mehr lesen...'>Mehr lesen...<\/a>\r\n        -->\r\n<p><img decoding=\"async\" src=\"https:\/\/www.dr-koch.de\/wissen\/wp-content\/uploads\/2023\/07\/einseitige-waden-1024x683.jpg\" sizes=\"(max-width: 1024px) 100vw, 1024px\" srcset=\"https:\/\/www.dr-koch.de\/wissen\/wp-content\/uploads\/2023\/07\/einseitige-waden-1024x683.jpg 1024w, https:\/\/www.dr-koch.de\/wissen\/wp-content\/uploads\/2023\/07\/einseitige-waden-300x200.jpg 300w, https:\/\/www.dr-koch.de\/wissen\/wp-content\/uploads\/2023\/07\/einseitige-waden-768x512.jpg 768w, https:\/\/www.dr-koch.de\/wissen\/wp-content\/uploads\/2023\/07\/einseitige-waden.jpg 1200w\" alt=\"\" width=\"1024\" height=\"683\" \/><\/p>\r\n<h3>Einseitige Wadendehn-\u00dcbung | relexa Wadendehner<\/h3>\r\n<!--\r\n        \tBy <a href=\"https:\/\/www.dr-koch.de\/wissen\/index.php\/author\/wpadmin\/\">wpadmin<\/a>\r\n        \t | \r\n        \t24 Juli 2023\r\n        -->\r\n<p>Wenn du bei der parallelen Wadendehn\u00fcbung sp\u00fcrst, dass das Ziehen bei einer Wade besonders intensiv ist, kannst du durch Kombination der Keile und ihrer Winkel die st\u00e4rker verk\u00fcrzte Wade weniger stark dehnen.<\/p>\r\n<p>Da alle Keile des relexa Wadendehner-Sets aufeinander passen, l\u00e4sst sich aber auch anders herum die Intensit\u00e4t der Dehnung bewusst steigern. Maximal stehen dir 34 Grad Neigung als Dehnhilfe zur Verf\u00fcgung, wenn du alle 3 Keile kombinierst:<\/p>\r\n<!--\r\n        \t<a href='https:\/\/www.dr-koch.de\/wissen\/index.php\/uebungen\/einseitige-wadendehn-uebung\/' title='Mehr lesen...'>Mehr lesen...<\/a>\r\n        -->\r\n<p><iframe loading=\"lazy\" title=\"Aktivierung der Wade\" src=\"https:\/\/www.youtube.com\/embed\/p_wTBTS1gZo?feature=oembed\" width=\"715\" height=\"402\" frameborder=\"0\" allowfullscreen=\"allowfullscreen\"><\/iframe><\/p>\r\n<h3>Aktivierung Wade<\/h3>\r\n<!--\r\n        \tBy <a href=\"https:\/\/www.dr-koch.de\/wissen\/index.php\/author\/wpadmin\/\">wpadmin<\/a>\r\n        \t | \r\n        \t5 September 2023\r\n        -->\r\n<p>Beim Aktivieren der Faszien in der Wade ist ein gro\u00dffl\u00e4chiges Faszienprodukt, wie die relexa Faszienrolle 2in1 und comfort. Wichtig ist eine gute St\u00fctzposition des K\u00f6rpers auf dem Boden und sich mit den H\u00e4nden unter den Schultern abzust\u00fctzen. Ziel ist, m\u00f6glichst viel K\u00f6rperfl\u00e4che z\u00fcgig abzurollen und gleichm\u00e4\u00dfig zu atmen.<\/p>\r\n<!--\r\n        \t<a href='https:\/\/www.dr-koch.de\/wissen\/index.php\/uebungen\/aktivierung-wade\/' title='Mehr lesen...'>Mehr lesen...<\/a>\r\n        -->\r\n<p><img decoding=\"async\" src=\"https:\/\/www.dr-koch.de\/wissen\/wp-content\/uploads\/2023\/08\/waden-punktuell-Triggerkegel-1024x683.jpg\" sizes=\"(max-width: 1024px) 100vw, 1024px\" srcset=\"https:\/\/www.dr-koch.de\/wissen\/wp-content\/uploads\/2023\/08\/waden-punktuell-Triggerkegel-1024x683.jpg 1024w, https:\/\/www.dr-koch.de\/wissen\/wp-content\/uploads\/2023\/08\/waden-punktuell-Triggerkegel-300x200.jpg 300w, https:\/\/www.dr-koch.de\/wissen\/wp-content\/uploads\/2023\/08\/waden-punktuell-Triggerkegel-768x512.jpg 768w, https:\/\/www.dr-koch.de\/wissen\/wp-content\/uploads\/2023\/08\/waden-punktuell-Triggerkegel-1536x1024.jpg 1536w, https:\/\/www.dr-koch.de\/wissen\/wp-content\/uploads\/2023\/08\/waden-punktuell-Triggerkegel.jpg 1920w\" alt=\"\" width=\"1024\" height=\"683\" \/><\/p>\r\n<h3>Punktuelle Wadenmassage | relexa Triggerkegel<\/h3>\r\n<!--\r\n        \tBy <a href=\"https:\/\/www.dr-koch.de\/wissen\/index.php\/author\/wpadmin\/\">wpadmin<\/a>\r\n        \t | \r\n        \t14 August 2023\r\n        -->\r\n<p>Um Triggerpunkte in der Wadenmuskulatur gezielt zu erreichen, nimm am besten den relexa Triggerkegel in die Hand. Gehe nun mit leichtem Druck ins Gewebe, um zu pr\u00fcfen, ob du an der richtigen Stelle bist. Dann erh\u00f6he den Druck so lange es noch angenehm ist.<\/p>\r\n<p>Dank des Triggerkegels k\u00f6nnen die gew\u00fcnschten Gewebsbereiche besonders isoliert und stark stimuliert werden, da die Fl\u00e4che der Kugel relativ klein ist.<\/p>\r\n<!--\r\n        \t<a href='https:\/\/www.dr-koch.de\/wissen\/index.php\/uebungen\/punktuelle-wadenmassage-relexa-triggerkegel\/' title='Mehr lesen...'>Mehr lesen...<\/a>\r\n        -->\r\n<p><img decoding=\"async\" src=\"https:\/\/www.dr-koch.de\/wissen\/wp-content\/uploads\/2023\/07\/IMG_9538-1024x683.jpg\" sizes=\"(max-width: 1024px) 100vw, 1024px\" srcset=\"https:\/\/www.dr-koch.de\/wissen\/wp-content\/uploads\/2023\/07\/IMG_9538-1024x683.jpg 1024w, https:\/\/www.dr-koch.de\/wissen\/wp-content\/uploads\/2023\/07\/IMG_9538-300x200.jpg 300w, https:\/\/www.dr-koch.de\/wissen\/wp-content\/uploads\/2023\/07\/IMG_9538-768x512.jpg 768w, https:\/\/www.dr-koch.de\/wissen\/wp-content\/uploads\/2023\/07\/IMG_9538-1536x1024.jpg 1536w, https:\/\/www.dr-koch.de\/wissen\/wp-content\/uploads\/2023\/07\/IMG_9538.jpg 1920w\" alt=\"\" width=\"1024\" height=\"683\" \/><\/p>\r\n<h3>Unterarm Rollout | relexa Faszienrolle<\/h3>\r\n<!--\r\n        \tBy <a href=\"https:\/\/www.dr-koch.de\/wissen\/index.php\/author\/wpadmin\/\">wpadmin<\/a>\r\n        \t | \r\n        \t12 Juli 2023\r\n        -->\r\n<p>Mit dieser \u00dcbung steigerst Du die Elastizit\u00e4t und das Leistungsverm\u00f6gen der Muskulatur sp\u00fcrbar:<\/p>\r\n<ul>\r\n<li>Starte mit Deiner relexa Faszienrolle auf den Boden<\/li>\r\n<li>Rolle nun gleichzeitig Deine Unterarme mit ein wenig Druck aus der Schulter von der Handwurzel bis zum Ellenbogen<\/li>\r\n<li>Durch die relexa Faszienrolle kannst Du beide Unterarme gleichzeitig stimulieren<\/li>\r\n<li>Wenn Du die Unterarme nach jeder Bewegung etwas drehst, kannst Du die ganze Unterarm-Muskulatur massieren<\/li>\r\n<\/ul>\r\n<!--\r\n        \t<a href='https:\/\/www.dr-koch.de\/wissen\/index.php\/uebungen\/uebung-fuer-den-unterarm\/' title='Mehr lesen...'>Mehr lesen...<\/a>\r\n        -->\r\n<p><img decoding=\"async\" src=\"https:\/\/www.dr-koch.de\/wissen\/wp-content\/uploads\/2023\/07\/IMG_9518-1024x683.jpg\" sizes=\"(max-width: 1024px) 100vw, 1024px\" srcset=\"https:\/\/www.dr-koch.de\/wissen\/wp-content\/uploads\/2023\/07\/IMG_9518-1024x683.jpg 1024w, https:\/\/www.dr-koch.de\/wissen\/wp-content\/uploads\/2023\/07\/IMG_9518-300x200.jpg 300w, https:\/\/www.dr-koch.de\/wissen\/wp-content\/uploads\/2023\/07\/IMG_9518-768x512.jpg 768w, https:\/\/www.dr-koch.de\/wissen\/wp-content\/uploads\/2023\/07\/IMG_9518-1536x1024.jpg 1536w, https:\/\/www.dr-koch.de\/wissen\/wp-content\/uploads\/2023\/07\/IMG_9518.jpg 1920w\" alt=\"\" width=\"1024\" height=\"683\" \/><\/p>\r\n<h3>Punktuelle Massage Unterarm | relexa Quadrupel<\/h3>\r\n<!--\r\n        \tBy <a href=\"https:\/\/www.dr-koch.de\/wissen\/index.php\/author\/wpadmin\/\">wpadmin<\/a>\r\n        \t | \r\n        \t12 Juli 2023\r\n        -->\r\n<p>Mit dieser punktuellen \u00dcbung f\u00fcr den Unterarm massierst und st\u00e4rkst Du die tieferliegende Muskulatur.<\/p>\r\n<ul>\r\n<li>Nimm den relexa Quadrupel<\/li>\r\n<li>Dr\u00fccke ihn vorsichtig in die Stellen, die Du massieren m\u00f6chtest.<\/li>\r\n<li>Den Druck kannst Du je nach Schmerzempfinden variieren.<\/li>\r\n<li>Drehe den Quadrupel leicht hin und her, um noch genauer an Triggerpunkte tief im Gewebe zu gelangen<\/li>\r\n<\/ul>\r\n<!--\r\n        \t<a href='https:\/\/www.dr-koch.de\/wissen\/index.php\/uebungen\/punktuelle-massage-unterarm\/' title='Mehr lesen...'>Mehr lesen...<\/a>\r\n        -->\r\n<p><iframe loading=\"lazy\" title=\"Aktivierung der Unterarme\" src=\"https:\/\/www.youtube.com\/embed\/sJ6-xwcdEJ4?feature=oembed\" width=\"715\" height=\"402\" frameborder=\"0\" allowfullscreen=\"allowfullscreen\"><\/iframe><\/p>\r\n<h3>Aktivierung Unterarme<\/h3>\r\n<!--\r\n        \tBy <a href=\"https:\/\/www.dr-koch.de\/wissen\/index.php\/author\/wpadmin\/\">wpadmin<\/a>\r\n        \t | \r\n        \t5 September 2023\r\n        -->\r\n<p>Vor einer sportlichen Belastung oder vor der Arbeit am PC macht es Sinn, den Unterarm zu aktivieren. Dabei am Tisch oder Boden den Unterarm schnell ausrollen, dabei auch \u00fcber das Handgelenk in die Handfl\u00e4che und den Handr\u00fccken rollen.<\/p>\r\n<!--\r\n        \t<a href='https:\/\/www.dr-koch.de\/wissen\/index.php\/uebungen\/aktivierung-unterarme\/' title='Mehr lesen...'>Mehr lesen...<\/a>\r\n        -->\r\n<h2>Passende Produkte<\/h2>\r\n","protected":false},"excerpt":{"rendered":"<p>Verspannte Waden und Unterarme Ein Anzeichen f\u00fcr Stress Verspannte Waden und Unterarme als Indikator f\u00fcr Stress Oftmals schenken wir unseren F\u00fc\u00dfen und Unterschenkeln viel zu wenig Aufmerksamkeit und Pflege. Und das obwohl unsere F\u00fc\u00dfe uns den ganzen Tag \u00fcber von einem Ort zum anderen bringen und unser K\u00f6rpergewicht st\u00e4ndig aushalten m\u00fcssen. Durch unser meist stabiles&hellip;<\/p>\n","protected":false},"author":1,"featured_media":0,"parent":0,"menu_order":0,"comment_status":"closed","ping_status":"closed","template":"","meta":{"_acf_changed":false,"inline_featured_image":false,"footnotes":""},"class_list":["post-429","page","type-page","status-publish","hentry"],"acf":[],"yoast_head":"<!-- This site is optimized with the Yoast SEO plugin v26.6 - https:\/\/yoast.com\/wordpress\/plugins\/seo\/ -->\r\n<title>Verspante Waden: Ursachen, Symptome und Behandlung<\/title>\r\n<meta name=\"description\" content=\"Verspannte Waden: Ursachen, Symptome und Behandlung. \ud83e\ude79 Erfahren Sie, wie Sie mit passenden \u00dcbungen und Massagen Ihre Beschwerden lindern k\u00f6nnen.\" \/>\r\n<meta name=\"robots\" content=\"index, follow, max-snippet:-1, max-image-preview:large, max-video-preview:-1\" \/>\r\n<link rel=\"canonical\" href=\"https:\/\/www.dr-koch.de\/wissen\/stressindikator-verspannte-waden-und-unterarme\/\" \/>\r\n<meta property=\"og:locale\" content=\"de_DE\" \/>\r\n<meta property=\"og:type\" content=\"article\" \/>\r\n<meta property=\"og:title\" content=\"Verspante Waden: Ursachen, Symptome und Behandlung\" \/>\r\n<meta property=\"og:description\" content=\"Verspannte Waden: Ursachen, Symptome und Behandlung. \ud83e\ude79 Erfahren Sie, wie Sie mit passenden \u00dcbungen und Massagen Ihre Beschwerden lindern k\u00f6nnen.\" \/>\r\n<meta property=\"og:url\" content=\"https:\/\/www.dr-koch.de\/wissen\/stressindikator-verspannte-waden-und-unterarme\/\" \/>\r\n<meta property=\"og:site_name\" content=\"Dr. Paul Koch GmbH\" \/>\r\n<meta property=\"article:publisher\" content=\"https:\/\/www.facebook.com\/relexa.fit\/?locale=de_DE\" \/>\r\n<meta property=\"article:modified_time\" content=\"2023-11-14T08:53:09+00:00\" \/>\r\n<meta property=\"og:image\" content=\"https:\/\/www.dr-koch.de\/wissen\/wp-content\/uploads\/2023\/07\/faszien-erklaert-emo1.jpg\" \/>\r\n<meta name=\"twitter:card\" content=\"summary_large_image\" \/>\r\n<meta name=\"twitter:label1\" content=\"Gesch\u00e4tzte Lesezeit\" \/>\n\t<meta name=\"twitter:data1\" content=\"7\u00a0Minuten\" \/>\r\n<script type=\"application\/ld+json\" class=\"yoast-schema-graph\">{\"@context\":\"https:\/\/schema.org\",\"@graph\":[{\"@type\":\"WebPage\",\"@id\":\"https:\/\/www.dr-koch.de\/wissen\/stressindikator-verspannte-waden-und-unterarme\/\",\"url\":\"https:\/\/www.dr-koch.de\/wissen\/stressindikator-verspannte-waden-und-unterarme\/\",\"name\":\"Verspante Waden: Ursachen, Symptome und Behandlung\",\"isPartOf\":{\"@id\":\"https:\/\/www.dr-koch.de\/wissen\/#website\"},\"primaryImageOfPage\":{\"@id\":\"https:\/\/www.dr-koch.de\/wissen\/stressindikator-verspannte-waden-und-unterarme\/#primaryimage\"},\"image\":{\"@id\":\"https:\/\/www.dr-koch.de\/wissen\/stressindikator-verspannte-waden-und-unterarme\/#primaryimage\"},\"thumbnailUrl\":\"https:\/\/www.dr-koch.de\/wissen\/wp-content\/uploads\/2023\/07\/faszien-erklaert-emo1.jpg\",\"datePublished\":\"2023-08-01T14:15:11+00:00\",\"dateModified\":\"2023-11-14T08:53:09+00:00\",\"description\":\"Verspannte Waden: Ursachen, Symptome und Behandlung. \ud83e\ude79 Erfahren Sie, wie Sie mit passenden \u00dcbungen und Massagen Ihre Beschwerden lindern k\u00f6nnen.\",\"breadcrumb\":{\"@id\":\"https:\/\/www.dr-koch.de\/wissen\/stressindikator-verspannte-waden-und-unterarme\/#breadcrumb\"},\"inLanguage\":\"de\",\"potentialAction\":[{\"@type\":\"ReadAction\",\"target\":[\"https:\/\/www.dr-koch.de\/wissen\/stressindikator-verspannte-waden-und-unterarme\/\"]}]},{\"@type\":\"ImageObject\",\"inLanguage\":\"de\",\"@id\":\"https:\/\/www.dr-koch.de\/wissen\/stressindikator-verspannte-waden-und-unterarme\/#primaryimage\",\"url\":\"https:\/\/www.dr-koch.de\/wissen\/wp-content\/uploads\/2023\/07\/faszien-erklaert-emo1.jpg\",\"contentUrl\":\"https:\/\/www.dr-koch.de\/wissen\/wp-content\/uploads\/2023\/07\/faszien-erklaert-emo1.jpg\",\"width\":1920,\"height\":830},{\"@type\":\"BreadcrumbList\",\"@id\":\"https:\/\/www.dr-koch.de\/wissen\/stressindikator-verspannte-waden-und-unterarme\/#breadcrumb\",\"itemListElement\":[{\"@type\":\"ListItem\",\"position\":1,\"name\":\"Home\",\"item\":\"https:\/\/www.dr-koch.de\/wissen\/\"},{\"@type\":\"ListItem\",\"position\":2,\"name\":\"Stressindikator: Verspannte Waden und Unterarme\"}]},{\"@type\":\"WebSite\",\"@id\":\"https:\/\/www.dr-koch.de\/wissen\/#website\",\"url\":\"https:\/\/www.dr-koch.de\/wissen\/\",\"name\":\"Dr. Paul Koch GmbH\",\"description\":\"\",\"publisher\":{\"@id\":\"https:\/\/www.dr-koch.de\/wissen\/#organization\"},\"potentialAction\":[{\"@type\":\"SearchAction\",\"target\":{\"@type\":\"EntryPoint\",\"urlTemplate\":\"https:\/\/www.dr-koch.de\/wissen\/?s={search_term_string}\"},\"query-input\":{\"@type\":\"PropertyValueSpecification\",\"valueRequired\":true,\"valueName\":\"search_term_string\"}}],\"inLanguage\":\"de\"},{\"@type\":\"Organization\",\"@id\":\"https:\/\/www.dr-koch.de\/wissen\/#organization\",\"name\":\"Dr. Paul Koch GmbH\",\"alternateName\":\"relexa\",\"url\":\"https:\/\/www.dr-koch.de\/wissen\/\",\"logo\":{\"@type\":\"ImageObject\",\"inLanguage\":\"de\",\"@id\":\"https:\/\/www.dr-koch.de\/wissen\/#\/schema\/logo\/image\/\",\"url\":\"https:\/\/www.dr-koch.de\/wissen\/wp-content\/uploads\/2023\/06\/nav-logo-koch.svg\",\"contentUrl\":\"https:\/\/www.dr-koch.de\/wissen\/wp-content\/uploads\/2023\/06\/nav-logo-koch.svg\",\"width\":266,\"height\":60,\"caption\":\"Dr. Paul Koch GmbH\"},\"image\":{\"@id\":\"https:\/\/www.dr-koch.de\/wissen\/#\/schema\/logo\/image\/\"},\"sameAs\":[\"https:\/\/www.facebook.com\/relexa.fit\/?locale=de_DE\",\"https:\/\/www.youtube.com\/channel\/UC9uGb6vJqdZpRrWZDKvKHIw\"]}]}<\/script>\r\n<!-- \/ Yoast SEO plugin. -->","yoast_head_json":{"title":"Verspante Waden: Ursachen, Symptome und Behandlung","description":"Verspannte Waden: Ursachen, Symptome und Behandlung. \ud83e\ude79 Erfahren Sie, wie Sie mit passenden \u00dcbungen und Massagen Ihre Beschwerden lindern k\u00f6nnen.","robots":{"index":"index","follow":"follow","max-snippet":"max-snippet:-1","max-image-preview":"max-image-preview:large","max-video-preview":"max-video-preview:-1"},"canonical":"https:\/\/www.dr-koch.de\/wissen\/stressindikator-verspannte-waden-und-unterarme\/","og_locale":"de_DE","og_type":"article","og_title":"Verspante Waden: Ursachen, Symptome und Behandlung","og_description":"Verspannte Waden: Ursachen, Symptome und Behandlung. \ud83e\ude79 Erfahren Sie, wie Sie mit passenden \u00dcbungen und Massagen Ihre Beschwerden lindern k\u00f6nnen.","og_url":"https:\/\/www.dr-koch.de\/wissen\/stressindikator-verspannte-waden-und-unterarme\/","og_site_name":"Dr. Paul Koch GmbH","article_publisher":"https:\/\/www.facebook.com\/relexa.fit\/?locale=de_DE","article_modified_time":"2023-11-14T08:53:09+00:00","og_image":[{"url":"https:\/\/www.dr-koch.de\/wissen\/wp-content\/uploads\/2023\/07\/faszien-erklaert-emo1.jpg","type":"","width":"","height":""}],"twitter_card":"summary_large_image","twitter_misc":{"Gesch\u00e4tzte Lesezeit":"7\u00a0Minuten"},"schema":{"@context":"https:\/\/schema.org","@graph":[{"@type":"WebPage","@id":"https:\/\/www.dr-koch.de\/wissen\/stressindikator-verspannte-waden-und-unterarme\/","url":"https:\/\/www.dr-koch.de\/wissen\/stressindikator-verspannte-waden-und-unterarme\/","name":"Verspante Waden: Ursachen, Symptome und Behandlung","isPartOf":{"@id":"https:\/\/www.dr-koch.de\/wissen\/#website"},"primaryImageOfPage":{"@id":"https:\/\/www.dr-koch.de\/wissen\/stressindikator-verspannte-waden-und-unterarme\/#primaryimage"},"image":{"@id":"https:\/\/www.dr-koch.de\/wissen\/stressindikator-verspannte-waden-und-unterarme\/#primaryimage"},"thumbnailUrl":"https:\/\/www.dr-koch.de\/wissen\/wp-content\/uploads\/2023\/07\/faszien-erklaert-emo1.jpg","datePublished":"2023-08-01T14:15:11+00:00","dateModified":"2023-11-14T08:53:09+00:00","description":"Verspannte Waden: Ursachen, Symptome und Behandlung. \ud83e\ude79 Erfahren Sie, wie Sie mit passenden \u00dcbungen und Massagen Ihre Beschwerden lindern k\u00f6nnen.","breadcrumb":{"@id":"https:\/\/www.dr-koch.de\/wissen\/stressindikator-verspannte-waden-und-unterarme\/#breadcrumb"},"inLanguage":"de","potentialAction":[{"@type":"ReadAction","target":["https:\/\/www.dr-koch.de\/wissen\/stressindikator-verspannte-waden-und-unterarme\/"]}]},{"@type":"ImageObject","inLanguage":"de","@id":"https:\/\/www.dr-koch.de\/wissen\/stressindikator-verspannte-waden-und-unterarme\/#primaryimage","url":"https:\/\/www.dr-koch.de\/wissen\/wp-content\/uploads\/2023\/07\/faszien-erklaert-emo1.jpg","contentUrl":"https:\/\/www.dr-koch.de\/wissen\/wp-content\/uploads\/2023\/07\/faszien-erklaert-emo1.jpg","width":1920,"height":830},{"@type":"BreadcrumbList","@id":"https:\/\/www.dr-koch.de\/wissen\/stressindikator-verspannte-waden-und-unterarme\/#breadcrumb","itemListElement":[{"@type":"ListItem","position":1,"name":"Home","item":"https:\/\/www.dr-koch.de\/wissen\/"},{"@type":"ListItem","position":2,"name":"Stressindikator: Verspannte Waden und Unterarme"}]},{"@type":"WebSite","@id":"https:\/\/www.dr-koch.de\/wissen\/#website","url":"https:\/\/www.dr-koch.de\/wissen\/","name":"Dr. Paul Koch GmbH","description":"","publisher":{"@id":"https:\/\/www.dr-koch.de\/wissen\/#organization"},"potentialAction":[{"@type":"SearchAction","target":{"@type":"EntryPoint","urlTemplate":"https:\/\/www.dr-koch.de\/wissen\/?s={search_term_string}"},"query-input":{"@type":"PropertyValueSpecification","valueRequired":true,"valueName":"search_term_string"}}],"inLanguage":"de"},{"@type":"Organization","@id":"https:\/\/www.dr-koch.de\/wissen\/#organization","name":"Dr. Paul Koch GmbH","alternateName":"relexa","url":"https:\/\/www.dr-koch.de\/wissen\/","logo":{"@type":"ImageObject","inLanguage":"de","@id":"https:\/\/www.dr-koch.de\/wissen\/#\/schema\/logo\/image\/","url":"https:\/\/www.dr-koch.de\/wissen\/wp-content\/uploads\/2023\/06\/nav-logo-koch.svg","contentUrl":"https:\/\/www.dr-koch.de\/wissen\/wp-content\/uploads\/2023\/06\/nav-logo-koch.svg","width":266,"height":60,"caption":"Dr. Paul Koch GmbH"},"image":{"@id":"https:\/\/www.dr-koch.de\/wissen\/#\/schema\/logo\/image\/"},"sameAs":["https:\/\/www.facebook.com\/relexa.fit\/?locale=de_DE","https:\/\/www.youtube.com\/channel\/UC9uGb6vJqdZpRrWZDKvKHIw"]}]}},"_links":{"self":[{"href":"https:\/\/www.dr-koch.de\/wissen\/wp-json\/wp\/v2\/pages\/429","targetHints":{"allow":["GET"]}}],"collection":[{"href":"https:\/\/www.dr-koch.de\/wissen\/wp-json\/wp\/v2\/pages"}],"about":[{"href":"https:\/\/www.dr-koch.de\/wissen\/wp-json\/wp\/v2\/types\/page"}],"author":[{"embeddable":true,"href":"https:\/\/www.dr-koch.de\/wissen\/wp-json\/wp\/v2\/users\/1"}],"replies":[{"embeddable":true,"href":"https:\/\/www.dr-koch.de\/wissen\/wp-json\/wp\/v2\/comments?post=429"}],"version-history":[{"count":5,"href":"https:\/\/www.dr-koch.de\/wissen\/wp-json\/wp\/v2\/pages\/429\/revisions"}],"predecessor-version":[{"id":1138,"href":"https:\/\/www.dr-koch.de\/wissen\/wp-json\/wp\/v2\/pages\/429\/revisions\/1138"}],"wp:attachment":[{"href":"https:\/\/www.dr-koch.de\/wissen\/wp-json\/wp\/v2\/media?parent=429"}],"curies":[{"name":"wp","href":"https:\/\/api.w.org\/{rel}","templated":true}]}}