{"id":417,"date":"2023-08-01T14:49:29","date_gmt":"2023-08-01T12:49:29","guid":{"rendered":"https:\/\/www.dr-koch.de\/wissen\/?page_id=417"},"modified":"2023-09-06T15:46:37","modified_gmt":"2023-09-06T13:46:37","slug":"am-ende-der-schmerzt-der-nacken","status":"publish","type":"page","link":"https:\/\/www.dr-koch.de\/wissen\/am-ende-der-schmerzt-der-nacken\/","title":{"rendered":"Am Ende schmerzt der Nacken"},"content":{"rendered":"\n\n\t\t\t\t<img decoding=\"async\" src=\"https:\/\/www.dr-koch.de\/wissen\/wp-content\/uploads\/2023\/07\/faszientraining-nacken-emo.jpg\" alt=\"faszientraining-nacken-emo\" itemprop=\"image\" height=\"675\" width=\"1920\" title=\"faszientraining-nacken-emo\" onerror=\"this.style.display='none'\"  \/>\n\t<h1>\n\t\t\t\tNackenschmerzen\n\t\t\t<\/h1>\n\t\t\t<p>Was tun bei schmerzhaften Nackenverspannungen?<\/p>\t\n<h2>\n\t\tAm Ende schmerzt der Nacken\n\t<\/h2>\n\t<p>Nackenbeschwerden, Fingerkribbeln, Schulterprobleme und Diagnosen wie Tennisarm, Golferarm und Karpaltunnelsyndrom sind h\u00e4ufig das Ergebnis einer nicht ausbalancierten Statik und Aufrichtung in unseren Gelenken.<\/p>\n\t<p>Behandelt man nun die\u00a0Symptome\u00a0und Schmerzen an den entsprechenden K\u00f6rperstellen kann das akut helfen und die Schmerzen lindern &#8211; f\u00fcr eine\u00a0nachhaltige Therapie\u00a0ist diese Behandlung aber zu kurz gedacht.<\/p>\n\t<p>Das Training der Aufrichtung des K\u00f6rpers gegen\u00fcber der Erdanziehung ist ein Grund, warum Kinder sich lieber bewegen als zu sitzen. Langes Sitzen entspannt, trainiert aber die Aufrichtung nicht. Ein Negativkreislauf wird in Gang gesetzt.<\/p>\n\t<p>Gewebe, was nicht in die Aufrichtung trainiert wird\u00a0verklebt und verspannt. Die Folge: es tut am Ende weh, weil es mir sagen will: \u201eAchtung hier geht etwas kaputt, tu etwas!&#8220;<\/p>\n\t<p>Der Nacken, der unseren nicht ganz leichten Kopf tr\u00e4gt, steht am Ende der Kette. Diese Kette beginnt an den F\u00fc\u00dfen und damit beim aufrechten Gang oder auch beim Sitzen und bildet den gr\u00f6\u00dften Hebel zur Erdanziehung. Aus diesem Grund sind\u00a0Nackenbeschwerden sozusagen logisch. Wahrscheinlich w\u00e4re aus der Sicht eines Statikers der ein oder andere K\u00f6per statisch nicht tragbar bzw. berechenbar.<\/p>\n\t<p>Die verspannte und verklebte Nackenmuskulatur, mangelnde Aufrichtung und Mobilit\u00e4t der Brustwirbels\u00e4ule und zu viel Zug aus dem Bauchraum lassen die Gelenke in Nacken, Schulter, Ellenbogen und Hand nicht frei werden. Die Ergebnisse sind zu viel\u00a0Druck auf den Bandscheiben\u00a0und zu viel\u00a0Zug an den Sehnenans\u00e4tzen.<\/p>\n\t\t\t\t\t<img decoding=\"async\" src=\"https:\/\/www.dr-koch.de\/wissen\/wp-content\/uploads\/2023\/07\/nacken-youtube-phumbnail.jpg\" alt=\"\"\/>\n\t<p>Nat\u00fcrlich kann man auch noch einen Schritt weiter nach unten denken und \u00fcber einen \u00fcber die F\u00fc\u00dfe aufgerichteten Stand sprechen. Der funktioniert aber erst dann, wenn wir im Zentrum alles frei haben.<\/p>\n\t<p>Mobilisieren &#8211; Stabilisieren &#8211; Aufgerichteter Stand &#8211; Keine Nackenbeschwerden<\/p>\n<h2>\n\t\tNacken\u00fcbungen\n\t<\/h2>\n\t<meta itemscope itemprop=\"mainEntityOfPage\" itemtype=\"https:\/\/schema.org\/WebPage\" itemid=\"https:\/\/www.dr-koch.de\/wissen\/index.php\/uebungen\/punktuelle-nacken-massage-im-stehen-relexa-twinball\/\" content=\"Punktuelle Nacken-Massage im Stehen | relexa Twinball\" \/><meta itemprop=\"datePublished\" content=\"2023-08-14\" \/><meta itemprop=\"dateModified\" content=\"2023-09-05\" \/><meta itemprop=\"name\" content=\"Dr. Paul Koch GmbH\"\/><meta itemprop=\"url\" content=\"https:\/\/www.dr-koch.de\/wissen\/index.php\/author\/wpadmin\/\" \/><meta itemprop=\"name\" content=\"wpadmin\" \/><meta itemprop=\"url\" content=\"https:\/\/www.dr-koch.de\/wissen\/wp-content\/uploads\/2023\/08\/nacken-twinball-alternative.jpg\" \/><meta itemprop=\"width\" content=\"1920\" \/><meta itemprop=\"height\" content=\"1280\" \/><meta itemprop=\"interactionType\" content=\"https:\/\/schema.org\/CommentAction\" \/><meta itemprop=\"userInteractionCount\" content=\"0\" \/>\n    \t    <img width=\"1024\" height=\"683\" src=\"https:\/\/www.dr-koch.de\/wissen\/wp-content\/uploads\/2023\/08\/nacken-twinball-alternative-1024x683.jpg\" alt=\"\" decoding=\"async\" itemprop=\"image\" srcset=\"https:\/\/www.dr-koch.de\/wissen\/wp-content\/uploads\/2023\/08\/nacken-twinball-alternative-1024x683.jpg 1024w, https:\/\/www.dr-koch.de\/wissen\/wp-content\/uploads\/2023\/08\/nacken-twinball-alternative-300x200.jpg 300w, https:\/\/www.dr-koch.de\/wissen\/wp-content\/uploads\/2023\/08\/nacken-twinball-alternative-768x512.jpg 768w, https:\/\/www.dr-koch.de\/wissen\/wp-content\/uploads\/2023\/08\/nacken-twinball-alternative-1536x1024.jpg 1536w, https:\/\/www.dr-koch.de\/wissen\/wp-content\/uploads\/2023\/08\/nacken-twinball-alternative.jpg 1920w\" sizes=\"(max-width: 1024px) 100vw, 1024px\" \/>\n        <h3>Punktuelle Nacken-Massage im Stehen | relexa Twinball<\/h3>\n        <!--\n        \tBy <a href=\"https:\/\/www.dr-koch.de\/wissen\/index.php\/author\/wpadmin\/\">wpadmin<\/a>\n        \t | \n        \t14 August 2023\n        -->\n        \t<p>Mit dieser Nacken-\u00dcbung machst Du Deine Hals- und Nackenmuskulatur flexibler und beugst effektiv Verspannungen in diesem Bereich vor.<\/p>\n<ul>\n<li>Du beginnst die \u00dcbung, indem Du Dich vor eine leere Wand stellst.<\/li>\n<li>Platziere den relexa Twinball zwischen Deinem Nacken und der Wand.<\/li>\n<li>Indem Du leicht mit den Knien nach oben dr\u00fcckst oder Dich leicht in die Knie begibst, kannst Du die gew\u00fcnschten Nackenbereiche massieren.<\/li>\n<li>Der relexa Twinball sorgt gleichzeitig f\u00fcr eine gleichm\u00e4\u00dfige Massage des Nackens an zwei Punkten.<\/li>\n<li>Du kannst den Druck nach Deinem Belieben mit Deinem Kopf und Deinem K\u00f6rper kontrollieren. Es wird empfohlen, die \u00dcbung 8-12 Mal zu wiederholen.<\/li>\n<\/ul>\n<p>Falls Dir die \u00dcbung anfangs unangenehm ist, ist es auch in Ordnung, die Anzahl der Wiederholungen zu reduzieren.<\/p>\n        <!--\n        \t<a href='https:\/\/www.dr-koch.de\/wissen\/index.php\/uebungen\/punktuelle-nacken-massage-im-stehen-relexa-twinball\/' title='Mehr lesen...'>Mehr lesen...<\/a>\n        -->\n\t<meta itemscope itemprop=\"mainEntityOfPage\" itemtype=\"https:\/\/schema.org\/WebPage\" itemid=\"https:\/\/www.dr-koch.de\/wissen\/index.php\/uebungen\/nackenuebung-im-liegen\/\" content=\"Nacken\u00fcbung im Liegen | relexa Faszienrolle\" \/><meta itemprop=\"datePublished\" content=\"2023-07-12\" \/><meta itemprop=\"dateModified\" content=\"2023-09-05\" \/><meta itemprop=\"name\" content=\"Dr. Paul Koch GmbH\"\/><meta itemprop=\"url\" content=\"https:\/\/www.dr-koch.de\/wissen\/index.php\/author\/wpadmin\/\" \/><meta itemprop=\"name\" content=\"wpadmin\" \/><meta itemprop=\"url\" content=\"https:\/\/www.dr-koch.de\/wissen\/wp-content\/uploads\/2023\/07\/nacken-liegend.jpg\" \/><meta itemprop=\"width\" content=\"1920\" \/><meta itemprop=\"height\" content=\"1281\" \/><meta itemprop=\"interactionType\" content=\"https:\/\/schema.org\/CommentAction\" \/><meta itemprop=\"userInteractionCount\" content=\"0\" \/>\n    \t    <img width=\"1024\" height=\"683\" src=\"https:\/\/www.dr-koch.de\/wissen\/wp-content\/uploads\/2023\/07\/nacken-liegend-1024x683.jpg\" alt=\"\" decoding=\"async\" itemprop=\"image\" srcset=\"https:\/\/www.dr-koch.de\/wissen\/wp-content\/uploads\/2023\/07\/nacken-liegend-1024x683.jpg 1024w, https:\/\/www.dr-koch.de\/wissen\/wp-content\/uploads\/2023\/07\/nacken-liegend-300x200.jpg 300w, https:\/\/www.dr-koch.de\/wissen\/wp-content\/uploads\/2023\/07\/nacken-liegend-768x512.jpg 768w, https:\/\/www.dr-koch.de\/wissen\/wp-content\/uploads\/2023\/07\/nacken-liegend-1536x1025.jpg 1536w, https:\/\/www.dr-koch.de\/wissen\/wp-content\/uploads\/2023\/07\/nacken-liegend.jpg 1920w\" sizes=\"(max-width: 1024px) 100vw, 1024px\" \/>\n        <h3>Nacken\u00fcbung im Liegen | relexa Faszienrolle<\/h3>\n        <!--\n        \tBy <a href=\"https:\/\/www.dr-koch.de\/wissen\/index.php\/author\/wpadmin\/\">wpadmin<\/a>\n        \t | \n        \t12 Juli 2023\n        -->\n        \t<p>Die Nacken\u00fcbung im Liegen ist das Pendant zur \u00dcbung im Stehen.<\/p>\n<ul>\n<li>Lege Dich mit dem R\u00fccken auf den Boden.<\/li>\n<li>Positioniere die relexa Faszienrolle in Deinem Nacken.<\/li>\n<li>Dehne und massiere Deinen Nacken gleichzeitig durch sanfte Kopfbewegungen von links nach rechts<\/li>\n<li>Die Intensit\u00e4t der \u00dcbung kannst Du durch Gewichtsverlagerung leicht beeinflussen<\/li>\n<\/ul>\n        <!--\n        \t<a href='https:\/\/www.dr-koch.de\/wissen\/index.php\/uebungen\/nackenuebung-im-liegen\/' title='Mehr lesen...'>Mehr lesen...<\/a>\n        -->\n\t<meta itemscope itemprop=\"mainEntityOfPage\" itemtype=\"https:\/\/schema.org\/WebPage\" itemid=\"https:\/\/www.dr-koch.de\/wissen\/index.php\/uebungen\/punktuelle-nacken-massage-im-stehen-relexa-faszienball\/\" content=\"Punktuelle Nacken-Massage im Stehen | relexa Faszienball\" \/><meta itemprop=\"datePublished\" content=\"2023-08-14\" \/><meta itemprop=\"dateModified\" content=\"2023-09-05\" \/><meta itemprop=\"name\" content=\"Dr. Paul Koch GmbH\"\/><meta itemprop=\"url\" content=\"https:\/\/www.dr-koch.de\/wissen\/index.php\/author\/wpadmin\/\" \/><meta itemprop=\"name\" content=\"wpadmin\" \/><meta itemprop=\"url\" content=\"https:\/\/www.dr-koch.de\/wissen\/wp-content\/uploads\/2023\/08\/nacken-ball.jpg\" \/><meta itemprop=\"width\" content=\"1920\" \/><meta itemprop=\"height\" content=\"1280\" \/><meta itemprop=\"interactionType\" content=\"https:\/\/schema.org\/CommentAction\" \/><meta itemprop=\"userInteractionCount\" content=\"0\" \/>\n    \t    <img width=\"1024\" height=\"683\" src=\"https:\/\/www.dr-koch.de\/wissen\/wp-content\/uploads\/2023\/08\/nacken-ball-1024x683.jpg\" alt=\"\" decoding=\"async\" itemprop=\"image\" srcset=\"https:\/\/www.dr-koch.de\/wissen\/wp-content\/uploads\/2023\/08\/nacken-ball-1024x683.jpg 1024w, https:\/\/www.dr-koch.de\/wissen\/wp-content\/uploads\/2023\/08\/nacken-ball-300x200.jpg 300w, https:\/\/www.dr-koch.de\/wissen\/wp-content\/uploads\/2023\/08\/nacken-ball-768x512.jpg 768w, https:\/\/www.dr-koch.de\/wissen\/wp-content\/uploads\/2023\/08\/nacken-ball-1536x1024.jpg 1536w, https:\/\/www.dr-koch.de\/wissen\/wp-content\/uploads\/2023\/08\/nacken-ball.jpg 1920w\" sizes=\"(max-width: 1024px) 100vw, 1024px\" \/>\n        <h3>Punktuelle Nacken-Massage im Stehen | relexa Faszienball<\/h3>\n        <!--\n        \tBy <a href=\"https:\/\/www.dr-koch.de\/wissen\/index.php\/author\/wpadmin\/\">wpadmin<\/a>\n        \t | \n        \t14 August 2023\n        -->\n        \t<p>Mit dieser Nacken-\u00dcbung flexibilisierst Du Deine Hals- und Nackenmuskulatur und beugst wirksam Verspannungen in diesem Bereich vor.<\/p>\n<ul>\n<li>Stelle Dich f\u00fcr diese \u00dcbung zun\u00e4chst vor eine leere Wand.<\/li>\n<li>Positioniere den relexa Faszienball zwischen Deinen Nacken und die Wand.<\/li>\n<li>Dr\u00fccke Dich mit den Knien leicht nach oben oder gehe leicht in die Knie, um die gew\u00fcnschten Nackenpartien zu massieren.<\/li>\n<li>Mit den relexa Faszienb\u00e4llen k\u00f6nnen die gew\u00fcnschten Punkte besonders isoliert stimuliert werden.<\/li>\n<li>Mit Deinem Kopf und dem K\u00f6rper steuerst Du den gew\u00fcnschten Druck. Wir empfehlen 8-12 Wiederholungen je \u00dcbung.<\/li>\n<\/ul>\n<p>Sollte die \u00dcbung anfangs etwas unangenehm sein, kannst Du die Anzahl der Wiederholungen auch reduzieren.<\/p>\n        <!--\n        \t<a href='https:\/\/www.dr-koch.de\/wissen\/index.php\/uebungen\/punktuelle-nacken-massage-im-stehen-relexa-faszienball\/' title='Mehr lesen...'>Mehr lesen...<\/a>\n        -->\n\t<meta itemscope itemprop=\"mainEntityOfPage\" itemtype=\"https:\/\/schema.org\/WebPage\" itemid=\"https:\/\/www.dr-koch.de\/wissen\/index.php\/uebungen\/punktuelle-nacken-massage-im-stehen-relexa-mini-faszienrolle\/\" content=\"Punktuelle Nacken-Massage im Stehen | relexa MINI Faszienrolle\" \/><meta itemprop=\"datePublished\" content=\"2023-08-14\" \/><meta itemprop=\"dateModified\" content=\"2023-09-05\" \/><meta itemprop=\"name\" content=\"Dr. Paul Koch GmbH\"\/><meta itemprop=\"url\" content=\"https:\/\/www.dr-koch.de\/wissen\/index.php\/author\/wpadmin\/\" \/><meta itemprop=\"name\" content=\"wpadmin\" \/><meta itemprop=\"url\" content=\"https:\/\/www.dr-koch.de\/wissen\/wp-content\/uploads\/2023\/08\/nacken-mini-rolle.jpg\" \/><meta itemprop=\"width\" content=\"1920\" \/><meta itemprop=\"height\" content=\"1280\" \/><meta itemprop=\"interactionType\" content=\"https:\/\/schema.org\/CommentAction\" \/><meta itemprop=\"userInteractionCount\" content=\"0\" \/>\n    \t    <img width=\"1024\" height=\"683\" src=\"https:\/\/www.dr-koch.de\/wissen\/wp-content\/uploads\/2023\/08\/nacken-mini-rolle-1024x683.jpg\" alt=\"\" decoding=\"async\" itemprop=\"image\" srcset=\"https:\/\/www.dr-koch.de\/wissen\/wp-content\/uploads\/2023\/08\/nacken-mini-rolle-1024x683.jpg 1024w, https:\/\/www.dr-koch.de\/wissen\/wp-content\/uploads\/2023\/08\/nacken-mini-rolle-300x200.jpg 300w, https:\/\/www.dr-koch.de\/wissen\/wp-content\/uploads\/2023\/08\/nacken-mini-rolle-768x512.jpg 768w, https:\/\/www.dr-koch.de\/wissen\/wp-content\/uploads\/2023\/08\/nacken-mini-rolle-1536x1024.jpg 1536w, https:\/\/www.dr-koch.de\/wissen\/wp-content\/uploads\/2023\/08\/nacken-mini-rolle.jpg 1920w\" sizes=\"(max-width: 1024px) 100vw, 1024px\" \/>\n        <h3>Punktuelle Nacken-Massage im Stehen | relexa MINI Faszienrolle<\/h3>\n        <!--\n        \tBy <a href=\"https:\/\/www.dr-koch.de\/wissen\/index.php\/author\/wpadmin\/\">wpadmin<\/a>\n        \t | \n        \t14 August 2023\n        -->\n        \t<p>Durch die Ausf\u00fchrung dieser Nacken-\u00dcbung erh\u00f6hst Du die Flexibilit\u00e4t Deiner Hals- und Nackenmuskulatur und verhinderst wirkungsvoll Verspannungen in diesem Bereich.<\/p>\n<ul>\n<li>Beginne die \u00dcbung, indem Du Dich zuerst vor eine freie Wand stellst.<\/li>\n<li>Platziere die relexa MINI zwischen Deinem Nacken und der Wand.<\/li>\n<li>Dr\u00fccke Dich leicht mit den Knien nach oben oder gehe sanft in die Knie, um die gew\u00fcnschten Nackenbereiche zu massieren.<\/li>\n<li>Die relexa MINI eignet sich bestens, um den Nacken gro\u00dffl\u00e4chig zu stimulieren.<\/li>\n<li>Mit Deinem Kopf und K\u00f6rper kannst Du den gew\u00fcnschten Druck kontrollieren. Eine Empfehlung sind 8-12 Wiederholungen pro \u00dcbung.<\/li>\n<\/ul>\n<p>Falls die \u00dcbung anfangs als etwas unangenehm empfunden wird, steht es Dir frei, auch die Anzahl der Wiederholungen zu verringern.<\/p>\n        <!--\n        \t<a href='https:\/\/www.dr-koch.de\/wissen\/index.php\/uebungen\/punktuelle-nacken-massage-im-stehen-relexa-mini-faszienrolle\/' title='Mehr lesen...'>Mehr lesen...<\/a>\n        -->\n<h2>\n\t\tPassende Produkte\n\t<\/h2>\n\n","protected":false},"excerpt":{"rendered":"<p>Nackenschmerzen Was tun bei schmerzhaften Nackenverspannungen? Am Ende schmerzt der Nacken Nackenbeschwerden, Fingerkribbeln, Schulterprobleme und Diagnosen wie Tennisarm, Golferarm und Karpaltunnelsyndrom sind h\u00e4ufig das Ergebnis einer nicht ausbalancierten Statik und Aufrichtung in unseren Gelenken. Behandelt man nun die\u00a0Symptome\u00a0und Schmerzen an den entsprechenden K\u00f6rperstellen kann das akut helfen und die Schmerzen lindern &#8211; f\u00fcr eine\u00a0nachhaltige Therapie\u00a0ist&hellip;<\/p>\n","protected":false},"author":1,"featured_media":0,"parent":0,"menu_order":0,"comment_status":"closed","ping_status":"closed","template":"","meta":{"_acf_changed":false,"inline_featured_image":false,"footnotes":""},"class_list":["post-417","page","type-page","status-publish","hentry"],"acf":[],"yoast_head":"<!-- This site is optimized with the Yoast SEO plugin v26.6 - https:\/\/yoast.com\/wordpress\/plugins\/seo\/ -->\r\n<title>Am Ende schmerzt der Nacken - Dr. Paul Koch GmbH<\/title>\r\n<meta name=\"robots\" content=\"index, follow, max-snippet:-1, max-image-preview:large, max-video-preview:-1\" \/>\r\n<link rel=\"canonical\" href=\"https:\/\/www.dr-koch.de\/wissen\/am-ende-der-schmerzt-der-nacken\/\" \/>\r\n<meta property=\"og:locale\" content=\"de_DE\" \/>\r\n<meta property=\"og:type\" content=\"article\" \/>\r\n<meta property=\"og:title\" content=\"Am Ende schmerzt der Nacken - Dr. Paul Koch GmbH\" \/>\r\n<meta property=\"og:description\" content=\"Nackenschmerzen Was tun bei schmerzhaften Nackenverspannungen? Am Ende schmerzt der Nacken Nackenbeschwerden, Fingerkribbeln, Schulterprobleme und Diagnosen wie Tennisarm, Golferarm und Karpaltunnelsyndrom sind h\u00e4ufig das Ergebnis einer nicht ausbalancierten Statik und Aufrichtung in unseren Gelenken. Behandelt man nun die\u00a0Symptome\u00a0und Schmerzen an den entsprechenden K\u00f6rperstellen kann das akut helfen und die Schmerzen lindern &#8211; f\u00fcr eine\u00a0nachhaltige Therapie\u00a0ist&hellip;\" \/>\r\n<meta property=\"og:url\" content=\"https:\/\/www.dr-koch.de\/wissen\/am-ende-der-schmerzt-der-nacken\/\" \/>\r\n<meta property=\"og:site_name\" content=\"Dr. Paul Koch GmbH\" \/>\r\n<meta property=\"article:publisher\" content=\"https:\/\/www.facebook.com\/relexa.fit\/?locale=de_DE\" \/>\r\n<meta property=\"article:modified_time\" content=\"2023-09-06T13:46:37+00:00\" \/>\r\n<meta property=\"og:image\" content=\"https:\/\/www.dr-koch.de\/wissen\/wp-content\/uploads\/2023\/07\/faszientraining-nacken-emo.jpg\" \/>\r\n<meta name=\"twitter:card\" content=\"summary_large_image\" \/>\r\n<meta name=\"twitter:label1\" content=\"Gesch\u00e4tzte Lesezeit\" \/>\n\t<meta name=\"twitter:data1\" content=\"4\u00a0Minuten\" \/>\r\n<script type=\"application\/ld+json\" class=\"yoast-schema-graph\">{\"@context\":\"https:\/\/schema.org\",\"@graph\":[{\"@type\":\"WebPage\",\"@id\":\"https:\/\/www.dr-koch.de\/wissen\/am-ende-der-schmerzt-der-nacken\/\",\"url\":\"https:\/\/www.dr-koch.de\/wissen\/am-ende-der-schmerzt-der-nacken\/\",\"name\":\"Am Ende schmerzt der Nacken - Dr. Paul Koch GmbH\",\"isPartOf\":{\"@id\":\"https:\/\/www.dr-koch.de\/wissen\/#website\"},\"primaryImageOfPage\":{\"@id\":\"https:\/\/www.dr-koch.de\/wissen\/am-ende-der-schmerzt-der-nacken\/#primaryimage\"},\"image\":{\"@id\":\"https:\/\/www.dr-koch.de\/wissen\/am-ende-der-schmerzt-der-nacken\/#primaryimage\"},\"thumbnailUrl\":\"https:\/\/www.dr-koch.de\/wissen\/wp-content\/uploads\/2023\/07\/faszientraining-nacken-emo.jpg\",\"datePublished\":\"2023-08-01T12:49:29+00:00\",\"dateModified\":\"2023-09-06T13:46:37+00:00\",\"breadcrumb\":{\"@id\":\"https:\/\/www.dr-koch.de\/wissen\/am-ende-der-schmerzt-der-nacken\/#breadcrumb\"},\"inLanguage\":\"de\",\"potentialAction\":[{\"@type\":\"ReadAction\",\"target\":[\"https:\/\/www.dr-koch.de\/wissen\/am-ende-der-schmerzt-der-nacken\/\"]}]},{\"@type\":\"ImageObject\",\"inLanguage\":\"de\",\"@id\":\"https:\/\/www.dr-koch.de\/wissen\/am-ende-der-schmerzt-der-nacken\/#primaryimage\",\"url\":\"https:\/\/www.dr-koch.de\/wissen\/wp-content\/uploads\/2023\/07\/faszientraining-nacken-emo.jpg\",\"contentUrl\":\"https:\/\/www.dr-koch.de\/wissen\/wp-content\/uploads\/2023\/07\/faszientraining-nacken-emo.jpg\",\"width\":1920,\"height\":675},{\"@type\":\"BreadcrumbList\",\"@id\":\"https:\/\/www.dr-koch.de\/wissen\/am-ende-der-schmerzt-der-nacken\/#breadcrumb\",\"itemListElement\":[{\"@type\":\"ListItem\",\"position\":1,\"name\":\"Home\",\"item\":\"https:\/\/www.dr-koch.de\/wissen\/\"},{\"@type\":\"ListItem\",\"position\":2,\"name\":\"Am Ende schmerzt der Nacken\"}]},{\"@type\":\"WebSite\",\"@id\":\"https:\/\/www.dr-koch.de\/wissen\/#website\",\"url\":\"https:\/\/www.dr-koch.de\/wissen\/\",\"name\":\"Dr. Paul Koch GmbH\",\"description\":\"\",\"publisher\":{\"@id\":\"https:\/\/www.dr-koch.de\/wissen\/#organization\"},\"potentialAction\":[{\"@type\":\"SearchAction\",\"target\":{\"@type\":\"EntryPoint\",\"urlTemplate\":\"https:\/\/www.dr-koch.de\/wissen\/?s={search_term_string}\"},\"query-input\":{\"@type\":\"PropertyValueSpecification\",\"valueRequired\":true,\"valueName\":\"search_term_string\"}}],\"inLanguage\":\"de\"},{\"@type\":\"Organization\",\"@id\":\"https:\/\/www.dr-koch.de\/wissen\/#organization\",\"name\":\"Dr. Paul Koch GmbH\",\"alternateName\":\"relexa\",\"url\":\"https:\/\/www.dr-koch.de\/wissen\/\",\"logo\":{\"@type\":\"ImageObject\",\"inLanguage\":\"de\",\"@id\":\"https:\/\/www.dr-koch.de\/wissen\/#\/schema\/logo\/image\/\",\"url\":\"https:\/\/www.dr-koch.de\/wissen\/wp-content\/uploads\/2023\/06\/nav-logo-koch.svg\",\"contentUrl\":\"https:\/\/www.dr-koch.de\/wissen\/wp-content\/uploads\/2023\/06\/nav-logo-koch.svg\",\"width\":266,\"height\":60,\"caption\":\"Dr. Paul Koch GmbH\"},\"image\":{\"@id\":\"https:\/\/www.dr-koch.de\/wissen\/#\/schema\/logo\/image\/\"},\"sameAs\":[\"https:\/\/www.facebook.com\/relexa.fit\/?locale=de_DE\",\"https:\/\/www.youtube.com\/channel\/UC9uGb6vJqdZpRrWZDKvKHIw\"]}]}<\/script>\r\n<!-- \/ Yoast SEO plugin. -->","yoast_head_json":{"title":"Am Ende schmerzt der Nacken - Dr. Paul Koch GmbH","robots":{"index":"index","follow":"follow","max-snippet":"max-snippet:-1","max-image-preview":"max-image-preview:large","max-video-preview":"max-video-preview:-1"},"canonical":"https:\/\/www.dr-koch.de\/wissen\/am-ende-der-schmerzt-der-nacken\/","og_locale":"de_DE","og_type":"article","og_title":"Am Ende schmerzt der Nacken - Dr. Paul Koch GmbH","og_description":"Nackenschmerzen Was tun bei schmerzhaften Nackenverspannungen? Am Ende schmerzt der Nacken Nackenbeschwerden, Fingerkribbeln, Schulterprobleme und Diagnosen wie Tennisarm, Golferarm und Karpaltunnelsyndrom sind h\u00e4ufig das Ergebnis einer nicht ausbalancierten Statik und Aufrichtung in unseren Gelenken. Behandelt man nun die\u00a0Symptome\u00a0und Schmerzen an den entsprechenden K\u00f6rperstellen kann das akut helfen und die Schmerzen lindern &#8211; f\u00fcr eine\u00a0nachhaltige Therapie\u00a0ist&hellip;","og_url":"https:\/\/www.dr-koch.de\/wissen\/am-ende-der-schmerzt-der-nacken\/","og_site_name":"Dr. Paul Koch GmbH","article_publisher":"https:\/\/www.facebook.com\/relexa.fit\/?locale=de_DE","article_modified_time":"2023-09-06T13:46:37+00:00","og_image":[{"url":"https:\/\/www.dr-koch.de\/wissen\/wp-content\/uploads\/2023\/07\/faszientraining-nacken-emo.jpg","type":"","width":"","height":""}],"twitter_card":"summary_large_image","twitter_misc":{"Gesch\u00e4tzte Lesezeit":"4\u00a0Minuten"},"schema":{"@context":"https:\/\/schema.org","@graph":[{"@type":"WebPage","@id":"https:\/\/www.dr-koch.de\/wissen\/am-ende-der-schmerzt-der-nacken\/","url":"https:\/\/www.dr-koch.de\/wissen\/am-ende-der-schmerzt-der-nacken\/","name":"Am Ende schmerzt der Nacken - Dr. Paul Koch GmbH","isPartOf":{"@id":"https:\/\/www.dr-koch.de\/wissen\/#website"},"primaryImageOfPage":{"@id":"https:\/\/www.dr-koch.de\/wissen\/am-ende-der-schmerzt-der-nacken\/#primaryimage"},"image":{"@id":"https:\/\/www.dr-koch.de\/wissen\/am-ende-der-schmerzt-der-nacken\/#primaryimage"},"thumbnailUrl":"https:\/\/www.dr-koch.de\/wissen\/wp-content\/uploads\/2023\/07\/faszientraining-nacken-emo.jpg","datePublished":"2023-08-01T12:49:29+00:00","dateModified":"2023-09-06T13:46:37+00:00","breadcrumb":{"@id":"https:\/\/www.dr-koch.de\/wissen\/am-ende-der-schmerzt-der-nacken\/#breadcrumb"},"inLanguage":"de","potentialAction":[{"@type":"ReadAction","target":["https:\/\/www.dr-koch.de\/wissen\/am-ende-der-schmerzt-der-nacken\/"]}]},{"@type":"ImageObject","inLanguage":"de","@id":"https:\/\/www.dr-koch.de\/wissen\/am-ende-der-schmerzt-der-nacken\/#primaryimage","url":"https:\/\/www.dr-koch.de\/wissen\/wp-content\/uploads\/2023\/07\/faszientraining-nacken-emo.jpg","contentUrl":"https:\/\/www.dr-koch.de\/wissen\/wp-content\/uploads\/2023\/07\/faszientraining-nacken-emo.jpg","width":1920,"height":675},{"@type":"BreadcrumbList","@id":"https:\/\/www.dr-koch.de\/wissen\/am-ende-der-schmerzt-der-nacken\/#breadcrumb","itemListElement":[{"@type":"ListItem","position":1,"name":"Home","item":"https:\/\/www.dr-koch.de\/wissen\/"},{"@type":"ListItem","position":2,"name":"Am Ende schmerzt der Nacken"}]},{"@type":"WebSite","@id":"https:\/\/www.dr-koch.de\/wissen\/#website","url":"https:\/\/www.dr-koch.de\/wissen\/","name":"Dr. Paul Koch GmbH","description":"","publisher":{"@id":"https:\/\/www.dr-koch.de\/wissen\/#organization"},"potentialAction":[{"@type":"SearchAction","target":{"@type":"EntryPoint","urlTemplate":"https:\/\/www.dr-koch.de\/wissen\/?s={search_term_string}"},"query-input":{"@type":"PropertyValueSpecification","valueRequired":true,"valueName":"search_term_string"}}],"inLanguage":"de"},{"@type":"Organization","@id":"https:\/\/www.dr-koch.de\/wissen\/#organization","name":"Dr. Paul Koch GmbH","alternateName":"relexa","url":"https:\/\/www.dr-koch.de\/wissen\/","logo":{"@type":"ImageObject","inLanguage":"de","@id":"https:\/\/www.dr-koch.de\/wissen\/#\/schema\/logo\/image\/","url":"https:\/\/www.dr-koch.de\/wissen\/wp-content\/uploads\/2023\/06\/nav-logo-koch.svg","contentUrl":"https:\/\/www.dr-koch.de\/wissen\/wp-content\/uploads\/2023\/06\/nav-logo-koch.svg","width":266,"height":60,"caption":"Dr. Paul Koch GmbH"},"image":{"@id":"https:\/\/www.dr-koch.de\/wissen\/#\/schema\/logo\/image\/"},"sameAs":["https:\/\/www.facebook.com\/relexa.fit\/?locale=de_DE","https:\/\/www.youtube.com\/channel\/UC9uGb6vJqdZpRrWZDKvKHIw"]}]}},"_links":{"self":[{"href":"https:\/\/www.dr-koch.de\/wissen\/wp-json\/wp\/v2\/pages\/417","targetHints":{"allow":["GET"]}}],"collection":[{"href":"https:\/\/www.dr-koch.de\/wissen\/wp-json\/wp\/v2\/pages"}],"about":[{"href":"https:\/\/www.dr-koch.de\/wissen\/wp-json\/wp\/v2\/types\/page"}],"author":[{"embeddable":true,"href":"https:\/\/www.dr-koch.de\/wissen\/wp-json\/wp\/v2\/users\/1"}],"replies":[{"embeddable":true,"href":"https:\/\/www.dr-koch.de\/wissen\/wp-json\/wp\/v2\/comments?post=417"}],"version-history":[{"count":7,"href":"https:\/\/www.dr-koch.de\/wissen\/wp-json\/wp\/v2\/pages\/417\/revisions"}],"predecessor-version":[{"id":851,"href":"https:\/\/www.dr-koch.de\/wissen\/wp-json\/wp\/v2\/pages\/417\/revisions\/851"}],"wp:attachment":[{"href":"https:\/\/www.dr-koch.de\/wissen\/wp-json\/wp\/v2\/media?parent=417"}],"curies":[{"name":"wp","href":"https:\/\/api.w.org\/{rel}","templated":true}]}}